{"id":134,"date":"2023-04-20T08:24:27","date_gmt":"2023-04-20T08:24:27","guid":{"rendered":"https:\/\/www.cucapoi.com\/?page_id=134"},"modified":"2023-04-28T09:34:35","modified_gmt":"2023-04-28T09:34:35","slug":"redes-sociales-2","status":"publish","type":"page","link":"https:\/\/www.cucapoi.com\/index.php\/redes-sociales-2\/","title":{"rendered":"Fotograf\u00eda y Video"},"content":{"rendered":"<p>[et_pb_section fb_built=\u00bb1&#8243; _builder_version=\u00bb4.20.4&#8243; _module_preset=\u00bbdefault\u00bb background_color=\u00bb#F5CEC7&#8243; background_image=\u00bbhttps:\/\/www.cucapoi.com\/wp-content\/uploads\/2023\/04\/Cabecera-provisional-cucapoi.jpg\u00bb min_height=\u00bb557px\u00bb custom_margin=\u00bb||||false|false\u00bb custom_padding=\u00bb||0px||false|false\u00bb global_colors_info=\u00bb{}\u00bb][et_pb_row custom_padding_last_edited=\u00bbon|desktop\u00bb _builder_version=\u00bb4.20.4&#8243; _module_preset=\u00bbdefault\u00bb width=\u00bb100%\u00bb max_width=\u00bb45%\u00bb max_width_tablet=\u00bb76%\u00bb max_width_phone=\u00bb100%\u00bb max_width_last_edited=\u00bbon|phone\u00bb module_alignment=\u00bbleft\u00bb custom_margin=\u00bb117px|auto|||false|false\u00bb custom_margin_tablet=\u00bb117px|auto|||false|false\u00bb custom_margin_phone=\u00bb179px|auto|||false|false\u00bb custom_margin_last_edited=\u00bbon|phone\u00bb custom_padding=\u00bb|||67px|false|false\u00bb custom_padding_tablet=\u00bb|||67px|false|false\u00bb custom_padding_phone=\u00bb|||0px|false|false\u00bb global_colors_info=\u00bb{}\u00bb][et_pb_column type=\u00bb4_4&#8243; _builder_version=\u00bb4.20.4&#8243; _module_preset=\u00bbdefault\u00bb global_colors_info=\u00bb{}\u00bb][et_pb_text _builder_version=\u00bb4.20.4&#8243; _module_preset=\u00bbdefault\u00bb header_font=\u00bbCourier Prime|300|||||||\u00bb header_text_align=\u00bbcenter\u00bb header_font_size=\u00bb82px\u00bb module_alignment=\u00bbcenter\u00bb header_font_size_tablet=\u00bb82px\u00bb header_font_size_phone=\u00bb54px\u00bb header_font_size_last_edited=\u00bbon|phone\u00bb global_colors_info=\u00bb{}\u00bb]<\/p>\n<h1 style=\"text-align: center;\">Fotograf\u00eda<\/h1>\n<h1 style=\"text-align: center;\">Video<\/h1>\n<p>[\/et_pb_text][\/et_pb_column][\/et_pb_row][\/et_pb_section][et_pb_section fb_built=\u00bb1&#8243; custom_padding_last_edited=\u00bbon|phone\u00bb _builder_version=\u00bb4.20.4&#8243; _module_preset=\u00bbdefault\u00bb custom_padding=\u00bb102px||75px|||\u00bb custom_padding_tablet=\u00bb52px||75px|||\u00bb custom_padding_phone=\u00bb52px||0px||false|false\u00bb global_colors_info=\u00bb{}\u00bb][et_pb_row column_structure=\u00bb1_3,1_3,1_3&#8243; use_custom_gutter=\u00bbon\u00bb gutter_width=\u00bb2&#8243; _builder_version=\u00bb4.20.4&#8243; _module_preset=\u00bbdefault\u00bb width=\u00bb100%\u00bb max_width=\u00bb65%\u00bb max_width_tablet=\u00bb65%\u00bb max_width_phone=\u00bb90%\u00bb max_width_last_edited=\u00bbon|phone\u00bb custom_padding=\u00bb2px|||||\u00bb global_colors_info=\u00bb{}\u00bb][et_pb_column type=\u00bb1_3&#8243; _builder_version=\u00bb4.20.4&#8243; _module_preset=\u00bbdefault\u00bb global_colors_info=\u00bb{}\u00bb][et_pb_text _builder_version=\u00bb4.20.4&#8243; _module_preset=\u00bbdefault\u00bb text_font=\u00bb|300|||||||\u00bb text_text_color=\u00bb#A4A4A4&#8243; text_font_size=\u00bb20px\u00bb header_font=\u00bbCourier Prime||||||||\u00bb min_height=\u00bb310px\u00bb custom_padding=\u00bb18%|8%|6%|8%|false|true\u00bb border_radii=\u00bbon|20px|20px|20px|20px\u00bb border_width_all=\u00bb6px\u00bb border_color_all=\u00bb#F5CEC7&#8243; locked=\u00bboff\u00bb global_colors_info=\u00bb{}\u00bb]<\/p>\n<h2 style=\"text-align: center; padding-bottom: 2rem; font-size: 30px;\"><strong>Content Planning<\/strong><strong><\/strong><\/h2>\n<p style=\"text-align: center;\">Planificamos tu contenido en base a tu plan de comunicaci\u00f3n<\/p>\n<p>[\/et_pb_text][\/et_pb_column][et_pb_column type=\u00bb1_3&#8243; _builder_version=\u00bb4.20.4&#8243; _module_preset=\u00bbdefault\u00bb global_colors_info=\u00bb{}\u00bb][et_pb_text _builder_version=\u00bb4.20.4&#8243; _module_preset=\u00bbdefault\u00bb text_font=\u00bb|300|||||||\u00bb text_text_color=\u00bb#A4A4A4&#8243; text_font_size=\u00bb20px\u00bb header_2_font=\u00bbCourier Prime||||||||\u00bb min_height=\u00bb310px\u00bb custom_padding=\u00bb18%|8%|6%|8%|false|true\u00bb border_radii=\u00bbon|20px|20px|20px|20px\u00bb border_width_all=\u00bb6px\u00bb border_color_all=\u00bb#F5CEC7&#8243; locked=\u00bboff\u00bb global_colors_info=\u00bb{}\u00bb]<\/p>\n<h2 style=\"text-align: center; padding-bottom: 2rem; font-size: 30px;\"><strong>Direcci\u00f3n de arte<\/strong><strong><\/strong><\/h2>\n<p style=\"text-align: center;\">Nos encargamos de Atrezzo.<\/p>\n<p>[\/et_pb_text][\/et_pb_column][et_pb_column type=\u00bb1_3&#8243; _builder_version=\u00bb4.20.4&#8243; _module_preset=\u00bbdefault\u00bb global_colors_info=\u00bb{}\u00bb][et_pb_text _builder_version=\u00bb4.20.4&#8243; _module_preset=\u00bbdefault\u00bb text_font=\u00bb|300|||||||\u00bb text_text_color=\u00bb#A4A4A4&#8243; text_font_size=\u00bb20px\u00bb min_height=\u00bb310px\u00bb custom_padding=\u00bb18%|8%|6%|8%|false|true\u00bb border_radii=\u00bbon|20px|20px|20px|20px\u00bb border_width_all=\u00bb6px\u00bb border_color_all=\u00bb#F5CEC7&#8243; global_colors_info=\u00bb{}\u00bb]<\/p>\n<h2 style=\"text-align: center; padding-bottom: 2rem; font-size: 30px;\"><strong>Fotograf\u00eda<\/strong><strong><\/strong><\/h2>\n<p style=\"text-align: center;\">Hacemos las fotos del producto que el cliente quiere potenciar.<\/p>\n<p>[\/et_pb_text][\/et_pb_column][\/et_pb_row][et_pb_row column_structure=\u00bb1_3,1_3,1_3&#8243; use_custom_gutter=\u00bbon\u00bb gutter_width=\u00bb2&#8243; _builder_version=\u00bb4.20.4&#8243; _module_preset=\u00bbdefault\u00bb width=\u00bb100%\u00bb max_width=\u00bb65%\u00bb max_width_tablet=\u00bb65%\u00bb max_width_phone=\u00bb90%\u00bb max_width_last_edited=\u00bbon|phone\u00bb custom_padding=\u00bb2px||||false|false\u00bb global_colors_info=\u00bb{}\u00bb][et_pb_column type=\u00bb1_3&#8243; _builder_version=\u00bb4.20.4&#8243; _module_preset=\u00bbdefault\u00bb global_colors_info=\u00bb{}\u00bb][et_pb_text _builder_version=\u00bb4.20.4&#8243; _module_preset=\u00bbdefault\u00bb text_font=\u00bb|300|||||||\u00bb text_text_color=\u00bb#A4A4A4&#8243; text_font_size=\u00bb20px\u00bb min_height=\u00bb310px\u00bb custom_padding=\u00bb18%|8%|6%|8%|false|true\u00bb text_font_size_tablet=\u00bb23px\u00bb text_font_size_phone=\u00bb21px\u00bb text_font_size_last_edited=\u00bbon|phone\u00bb border_radii=\u00bbon|20px|20px|20px|20px\u00bb border_width_all=\u00bb6px\u00bb border_color_all=\u00bb#F5CEC7&#8243; locked=\u00bboff\u00bb global_colors_info=\u00bb{}\u00bb]<\/p>\n<h2 style=\"text-align: center; padding-bottom: 2rem; font-size: 30px;\"><strong>Producci\u00f3n<\/strong><strong><\/strong><\/h2>\n<p style=\"text-align: center;\">Organizamos campa\u00f1as, buscamos ubicaci\u00f3n, equipo, maquilladores&#8230;<\/p>\n<p>[\/et_pb_text][\/et_pb_column][et_pb_column type=\u00bb1_3&#8243; _builder_version=\u00bb4.20.4&#8243; _module_preset=\u00bbdefault\u00bb global_colors_info=\u00bb{}\u00bb][et_pb_text _builder_version=\u00bb4.20.4&#8243; _module_preset=\u00bbdefault\u00bb text_font=\u00bb|300|||||||\u00bb text_text_color=\u00bb#A4A4A4&#8243; text_font_size=\u00bb20px\u00bb min_height=\u00bb310px\u00bb custom_padding=\u00bb18%|8%|6%|8%|false|true\u00bb border_radii=\u00bbon|20px|20px|20px|20px\u00bb border_width_all=\u00bb6px\u00bb border_color_all=\u00bb#F5CEC7&#8243; locked=\u00bboff\u00bb global_colors_info=\u00bb{}\u00bb]<\/p>\n<h2 style=\"text-align: center; padding-bottom: 2rem; font-size: 30px;\"><strong>Edici\u00f3n<\/strong><strong><\/strong><\/h2>\n<p style=\"text-align: center;\">Las editamos para que reflejen tu personalidad.<\/p>\n<p>[\/et_pb_text][\/et_pb_column][et_pb_column type=\u00bb1_3&#8243; _builder_version=\u00bb4.20.4&#8243; _module_preset=\u00bbdefault\u00bb global_colors_info=\u00bb{}\u00bb][et_pb_text _builder_version=\u00bb4.20.4&#8243; _module_preset=\u00bbdefault\u00bb text_font=\u00bb|300|||||||\u00bb text_text_color=\u00bb#A4A4A4&#8243; text_font_size=\u00bb20px\u00bb min_height_tablet=\u00bb\u00bb min_height_phone=\u00bb\u00bb min_height_last_edited=\u00bbon|desktop\u00bb height=\u00bb310px\u00bb custom_padding=\u00bb10%|8%|6%|8%|false|true\u00bb border_radii=\u00bbon|20px|20px|20px|20px\u00bb border_width_all=\u00bb6px\u00bb border_color_all=\u00bb#F5CEC7&#8243; global_colors_info=\u00bb{}\u00bb]<\/p>\n<h2 style=\"text-align: center; padding-bottom: 2rem; font-size: 30px;\"><strong>Brain Storming<\/strong><strong><\/strong><\/h2>\n<p style=\"text-align: center;\">Generaci\u00f3n de ideas, localizaciones, casting, modelos, equipo, campa\u00f1as de imagen, fotos de producto, material para RRSS&#8230;<\/p>\n<p>[\/et_pb_text][\/et_pb_column][\/et_pb_row][\/et_pb_section][et_pb_section fb_built=\u00bb1&#8243; custom_padding_last_edited=\u00bbon|phone\u00bb _builder_version=\u00bb4.20.4&#8243; _module_preset=\u00bbdefault\u00bb custom_padding=\u00bb2px||63px|||\u00bb custom_padding_tablet=\u00bb2px||63px|||\u00bb custom_padding_phone=\u00bb||0px||false|false\u00bb global_colors_info=\u00bb{}\u00bb][et_pb_row column_structure=\u00bb1_2,1_2&#8243; _builder_version=\u00bb4.20.4&#8243; _module_preset=\u00bbdefault\u00bb width=\u00bb100%\u00bb max_width=\u00bb65%\u00bb max_width_tablet=\u00bb90%\u00bb max_width_phone=\u00bb82%\u00bb max_width_last_edited=\u00bbon|tablet\u00bb module_alignment=\u00bbcenter\u00bb custom_margin=\u00bb|auto||30px||\u00bb global_colors_info=\u00bb{}\u00bb][et_pb_column type=\u00bb1_2&#8243; _builder_version=\u00bb4.20.4&#8243; _module_preset=\u00bbdefault\u00bb custom_padding=\u00bb|||5%|false|false\u00bb global_colors_info=\u00bb{}\u00bb][et_pb_text content_tablet=\u00bb<\/p>\n<h2 style=%22padding-bottom: 2rem; font-size: 42px;%22><strong>Fotograf\u00eda de Bodeg\u00f3n<\/strong><\/h2>\n<p>Por nuestra experiencia, sabemos que las fotos de bodeg\u00f3n funcionan muy bien para web, confeccionamos el bodeg\u00f3n utilizando el producto y diferentes Atrezzos, diferentes fondos, etc&#8230;<\/p>\n<p>Estas fotos las realizamos mes a mes para completar las fotos de camapa\u00f1a y las utilizamos en publicidad, redes sociales, etc&#8230;<\/p>\n<p>\u00bb content_phone=\u00bb<\/p>\n<h2 style=%22padding-bottom: 2rem; font-size: 33px;%22><strong>Fotograf\u00eda de Bodeg\u00f3n<\/strong><\/h2>\n<p>Por nuestra experiencia, sabemos que las fotos de bodeg\u00f3n funcionan muy bien para web, confeccionamos el bodeg\u00f3n utilizando el producto y diferentes  Atrezzos, diferentes fondots, etc&#8230;\u00bb content_last_edited=\u00bbon|phone\u00bb _builder_version=\u00bb4.20.4&#8243; _module_preset=\u00bbdefault\u00bb text_text_color=\u00bb#A4A4A4&#8243; text_font_size=\u00bb1.1vw\u00bb text_line_height=\u00bb1.72em\u00bb width=\u00bb100%\u00bb max_width=\u00bb100%\u00bb module_alignment=\u00bbcenter\u00bb custom_padding=\u00bb7%||||false|false\u00bb text_font_size_tablet=\u00bb20px\u00bb text_font_size_phone=\u00bb17px\u00bb text_font_size_last_edited=\u00bbon|desktop\u00bb global_colors_info=\u00bb{}\u00bb]<\/p>\n<h2 style=\"padding-bottom: 2rem; font-size: 42px;\"><strong>Fotograf\u00eda de Bodeg\u00f3n<\/strong><\/h2>\n<p>Por nuestra experiencia, sabemos que las fotos de bodeg\u00f3n funcionan muy bien para web, confeccionamos el bodeg\u00f3n utilizando el producto y diferentes\u00a0 Atrezzos, diferentes fondots, etc&#8230;<\/p>\n<p>[\/et_pb_text][\/et_pb_column][et_pb_column type=\u00bb1_2&#8243; _builder_version=\u00bb4.20.4&#8243; _module_preset=\u00bbdefault\u00bb global_colors_info=\u00bb{}\u00bb][et_pb_image src=\u00bbhttps:\/\/www.cucapoi.com\/wp-content\/uploads\/2023\/04\/Fotografia-de-bodegon.jpg\u00bb alt=\u00bbbodeg\u00f3n de una lata de refresco\u00bb title_text=\u00bbFotograf\u00eda-de-bodegon\u00bb align=\u00bbright\u00bb align_tablet=\u00bbcenter\u00bb align_phone=\u00bbcenter\u00bb align_last_edited=\u00bbon|phone\u00bb _builder_version=\u00bb4.20.4&#8243; _module_preset=\u00bbdefault\u00bb global_colors_info=\u00bb{}\u00bb][\/et_pb_image][\/et_pb_column][\/et_pb_row][et_pb_row column_structure=\u00bb1_2,1_2&#8243; _builder_version=\u00bb4.20.4&#8243; _module_preset=\u00bbdefault\u00bb vertical_offset=\u00bb0px\u00bb width=\u00bb100%\u00bb max_width=\u00bb65%\u00bb max_width_tablet=\u00bb85%\u00bb max_width_phone=\u00bb82%\u00bb max_width_last_edited=\u00bbon|phone\u00bb custom_margin=\u00bb||||false|false\u00bb custom_padding=\u00bb||4px|||\u00bb global_colors_info=\u00bb{}\u00bb custom_css_main_element_last_edited=\u00bbon|desktop\u00bb][et_pb_column type=\u00bb1_2&#8243; _builder_version=\u00bb4.20.4&#8243; _module_preset=\u00bbdefault\u00bb global_colors_info=\u00bb{}\u00bb custom_css_main_element_last_edited=\u00bbon|desktop\u00bb][et_pb_image src=\u00bbhttps:\/\/www.cucapoi.com\/wp-content\/uploads\/2023\/04\/Fotografia-de-producto.jpg\u00bb alt=\u00bbsilla siendo fotografiada en estudio\u00bb title_text=\u00bbFotografia-de-producto\u00bb align=\u00bbcenter\u00bb _builder_version=\u00bb4.20.4&#8243; _module_preset=\u00bbdefault\u00bb custom_margin=\u00bb-33%||||false|false\u00bb custom_margin_tablet=\u00bb0%||||false|false\u00bb custom_margin_phone=\u00bb0%||||false|false\u00bb custom_margin_last_edited=\u00bbon|tablet\u00bb global_colors_info=\u00bb{}\u00bb][\/et_pb_image][\/et_pb_column][et_pb_column type=\u00bb1_2&#8243; _builder_version=\u00bb4.20.4&#8243; _module_preset=\u00bbdefault\u00bb global_colors_info=\u00bb{}\u00bb custom_css_main_element_last_edited=\u00bbon|desktop\u00bb][et_pb_text _builder_version=\u00bb4.20.4&#8243; _module_preset=\u00bbdefault\u00bb custom_margin=\u00bb||0px||false|false\u00bb custom_padding=\u00bb|50%|||false|false\u00bb custom_padding_tablet=\u00bb|0px|||false|false\u00bb custom_padding_phone=\u00bb|0px|||false|false\u00bb custom_padding_last_edited=\u00bbon|phone\u00bb hover_enabled=\u00bb0&#8243; global_colors_info=\u00bb{}\u00bb sticky_enabled=\u00bb0&#8243;]<\/p>\n<h2 style=\"padding-bottom: 2rem; font-size: 42px;\"><strong>Fotograf\u00eda <\/strong><strong>e-commmerce<\/strong><\/h2>\n<p>[\/et_pb_text][et_pb_text content_tablet=\u00bb<\/p>\n<p>Fotograf\u00eda de producto para web, dependeinto del tipo de producto, se realizan varias capturas desde diferentes \u00e1ngulos, vistas y mostrando los posibles usos.<\/p>\n<p>\u00bb content_phone=\u00bb<\/p>\n<p>Fotograf\u00eda de producto para web, dependeinto del tipo de producto, se realizan varias capturas desde diferentes \u00e1ngulos, vistas y mostrando los posibles usos.<\/p>\n<p>\u00bb content_last_edited=\u00bbon|desktop\u00bb _builder_version=\u00bb4.20.4&#8243; _module_preset=\u00bbdefault\u00bb text_text_color=\u00bb#A4A4A4&#8243; text_font_size=\u00bb1.1vw\u00bb text_line_height=\u00bb1.72em\u00bb width=\u00bb100%\u00bb max_width=\u00bb90%\u00bb max_width_tablet=\u00bb100%\u00bb max_width_phone=\u00bb100%\u00bb max_width_last_edited=\u00bbon|phone\u00bb custom_margin=\u00bb2px||||false|false\u00bb text_font_size_tablet=\u00bb20px\u00bb text_font_size_phone=\u00bb17px\u00bb text_font_size_last_edited=\u00bbon|desktop\u00bb header_2_line_height_tablet=\u00bb1em\u00bb header_2_line_height_phone=\u00bb0.3em\u00bb header_2_line_height_last_edited=\u00bbon|phone\u00bb global_colors_info=\u00bb{}\u00bb]<\/p>\n<p>Fotograf\u00eda de producto para web, dependeinto del tipo de producto, se realizan varias capturas desde diferentes \u00e1ngulos, vistas y mostrando los posibles usos.<\/p>\n<p>[\/et_pb_text][\/et_pb_column][\/et_pb_row][\/et_pb_section][et_pb_section fb_built=\u00bb1&#8243; _builder_version=\u00bb4.20.4&#8243; _module_preset=\u00bbdefault\u00bb custom_margin=\u00bb56px||||false|false\u00bb custom_margin_tablet=\u00bb0px||||false|false\u00bb custom_margin_phone=\u00bb0px||||false|false\u00bb custom_margin_last_edited=\u00bbon|desktop\u00bb custom_padding=\u00bb0px|||||\u00bb global_colors_info=\u00bb{}\u00bb][et_pb_row column_structure=\u00bb2_5,3_5&#8243; use_custom_gutter=\u00bbon\u00bb gutter_width=\u00bb2&#8243; _builder_version=\u00bb4.20.4&#8243; _module_preset=\u00bbdefault\u00bb background_image=\u00bbhttps:\/\/www.cucapoi.com\/wp-content\/uploads\/2023\/04\/fondo_reels.png\u00bb width=\u00bb100%\u00bb max_width=\u00bb100%\u00bb global_colors_info=\u00bb{}\u00bb][et_pb_column type=\u00bb2_5&#8243; _builder_version=\u00bb4.20.4&#8243; _module_preset=\u00bbdefault\u00bb global_colors_info=\u00bb{}\u00bb][et_pb_text content_tablet=\u00bb<\/p>\n<h2 style=%22padding-bottom: 2rem; font-size: 42px;%22><strong>Videos y Reels<\/strong><\/h2>\n<p>El consumo de multimedia ha crecido exponencialmente y va a seguir haci\u00e9ndolo en los pr\u00f3ximos a\u00f1os. El mundo audiovisual es muy vers\u00e1til y se puede adaptar a todas las aplicaciones de la marca, generando un contenido diferente.<\/p>\n<p>\u00bb content_phone=\u00bb<\/p>\n<h2 style=%22padding-bottom: 2rem; font-size: 36px;%22><strong>Videos y Reels<\/strong><\/h2>\n<p>El consumo de multimedia ha crecido exponencialmente y va a seguir haci\u00e9ndolo en los pr\u00f3ximos a\u00f1os. El mundo audiovisual es muy vers\u00e1til y se pueden adaptar a todas las aplicaciones de la marca, generando un contenido diferente.<\/p>\n<p>\u00bb content_last_edited=\u00bbon|phone\u00bb _builder_version=\u00bb4.20.4&#8243; _module_preset=\u00bbdefault\u00bb text_text_color=\u00bb#686868&#8243; background_enable_image=\u00bboff\u00bb height=\u00bb757px\u00bb height_tablet=\u00bb\u00bb height_phone=\u00bb\u00bb height_last_edited=\u00bbon|tablet\u00bb custom_margin=\u00bb0px||||false|false\u00bb custom_padding=\u00bb33.4%|0.1%||25.2%|false|false\u00bb custom_padding_tablet=\u00bb14%|4%|0px|4%|false|true\u00bb custom_padding_phone=\u00bb22%|||9%|false|false\u00bb custom_padding_last_edited=\u00bbon|tablet\u00bb global_colors_info=\u00bb{}\u00bb]<\/p>\n<h2 style=\"padding-bottom: 2rem; font-size: 52px;\"><strong>Videos y Reels<\/strong><\/h2>\n<p>El consumo de multimedia ha crecido exponencialmente y va a seguir haci\u00e9ndolo en los pr\u00f3ximos a\u00f1os. El mundo audiovisual es muy vers\u00e1til y se pueden adaptar a todas las aplicaciones de la marca, generando un contenido diferente.<\/p>\n<p>[\/et_pb_text][\/et_pb_column][et_pb_column type=\u00bb3_5&#8243; _builder_version=\u00bb4.20.4&#8243; _module_preset=\u00bbdefault\u00bb global_colors_info=\u00bb{}\u00bb][et_pb_image src=\u00bbhttps:\/\/www.cucapoi.com\/wp-content\/uploads\/2023\/04\/Reels-y-videos.png\u00bb alt=\u00bbchica grabandose bailando\u00bb title_text=\u00bbReels-y-videos\u00bb _builder_version=\u00bb4.20.4&#8243; _module_preset=\u00bbdefault\u00bb custom_margin_tablet=\u00bb\u00bb custom_margin_phone=\u00bb\u00bb custom_margin_last_edited=\u00bbon|tablet\u00bb custom_padding=\u00bb|29px||29px|false|true\u00bb global_colors_info=\u00bb{}\u00bb][\/et_pb_image][\/et_pb_column][\/et_pb_row][\/et_pb_section]<\/p>\n","protected":false},"excerpt":{"rendered":"<p>Fotograf\u00eda VideoContent Planning Planificamos tu contenido en base a tu plan de comunicaci\u00f3nDirecci\u00f3n de arte Nos encargamos de Atrezzo.Fotograf\u00eda Hacemos las fotos del producto que el cliente quiere potenciar.Producci\u00f3n Organizamos campa\u00f1as, buscamos ubicaci\u00f3n, equipo, maquilladores&#8230;Edici\u00f3n Las editamos para que reflejen tu personalidad.Brain Storming Generaci\u00f3n de ideas, localizaciones, casting, modelos, equipo, campa\u00f1as de imagen, fotos de [&hellip;]<\/p>\n","protected":false},"author":1,"featured_media":0,"parent":0,"menu_order":0,"comment_status":"closed","ping_status":"closed","template":"","meta":{"_et_pb_use_builder":"on","_et_pb_old_content":"<!-- wp:divi\/placeholder \/-->","_et_gb_content_width":"","footnotes":""},"class_list":["post-134","page","type-page","status-publish","hentry"],"_links":{"self":[{"href":"https:\/\/www.cucapoi.com\/index.php\/wp-json\/wp\/v2\/pages\/134","targetHints":{"allow":["GET"]}}],"collection":[{"href":"https:\/\/www.cucapoi.com\/index.php\/wp-json\/wp\/v2\/pages"}],"about":[{"href":"https:\/\/www.cucapoi.com\/index.php\/wp-json\/wp\/v2\/types\/page"}],"author":[{"embeddable":true,"href":"https:\/\/www.cucapoi.com\/index.php\/wp-json\/wp\/v2\/users\/1"}],"replies":[{"embeddable":true,"href":"https:\/\/www.cucapoi.com\/index.php\/wp-json\/wp\/v2\/comments?post=134"}],"version-history":[{"count":65,"href":"https:\/\/www.cucapoi.com\/index.php\/wp-json\/wp\/v2\/pages\/134\/revisions"}],"predecessor-version":[{"id":763,"href":"https:\/\/www.cucapoi.com\/index.php\/wp-json\/wp\/v2\/pages\/134\/revisions\/763"}],"wp:attachment":[{"href":"https:\/\/www.cucapoi.com\/index.php\/wp-json\/wp\/v2\/media?parent=134"}],"curies":[{"name":"wp","href":"https:\/\/api.w.org\/{rel}","templated":true}]}}